{"id":32,"date":"2025-12-07T19:26:00","date_gmt":"2025-12-07T19:26:00","guid":{"rendered":"https:\/\/apartmani-manuela-smokovic-pula.hr\/?page_id=32"},"modified":"2026-01-26T20:28:42","modified_gmt":"2026-01-26T20:28:42","slug":"pocetna","status":"publish","type":"page","link":"https:\/\/apartmani-manuela-smokovic-pula.hr\/","title":{"rendered":"Po\u010detna"},"content":{"rendered":"\n<figure class=\"wp-block-image size-large\"><img loading=\"lazy\" decoding=\"async\" width=\"768\" height=\"1024\" src=\"https:\/\/apartmani-manuela-smokovic-pula.hr\/wp-content\/uploads\/2025\/12\/11-768x1024.jpg\" alt=\"\" class=\"wp-image-24\" srcset=\"https:\/\/apartmani-manuela-smokovic-pula.hr\/wp-content\/uploads\/2025\/12\/11-768x1024.jpg 768w, https:\/\/apartmani-manuela-smokovic-pula.hr\/wp-content\/uploads\/2025\/12\/11-225x300.jpg 225w, https:\/\/apartmani-manuela-smokovic-pula.hr\/wp-content\/uploads\/2025\/12\/11-1152x1536.jpg 1152w, https:\/\/apartmani-manuela-smokovic-pula.hr\/wp-content\/uploads\/2025\/12\/11-1536x2048.jpg 1536w, https:\/\/apartmani-manuela-smokovic-pula.hr\/wp-content\/uploads\/2025\/12\/11-scaled.jpg 1920w\" sizes=\"auto, (max-width: 768px) 100vw, 768px\" \/><\/figure>\n\n\n\n<h1 class=\"wp-block-heading has-text-align-center\">Apartmani Manuela \u2013 Pula<\/h1>\n\n\n\n<h2 class=\"wp-block-heading has-text-align-center\">Miran apartmanski smje\u0161taj na kratkoj vo\u017enji do pla\u017ee i centra Pule<\/h2>\n\n\n\n<p class=\"has-text-align-center\">Dobrodo\u0161li u Apartmane Manuela u Puli. Nalazimo se u mirnom kvartu, idealnom za obitelji i parove koji \u017eele odmoriti od gu\u017eve, a biti na kratkoj vo\u017enji od pla\u017ee i starog grada (oko 3 km). U na\u0161im apartmanima imate sve \u0161to je potrebno za ugodan boravak \u2013 klimatizirani prostor, WiFi, potpuno opremljenu kuhinju i besplatan parking.<\/p>\n\n\n\n<div class=\"wp-block-buttons is-content-justification-center is-layout-flex wp-container-core-buttons-is-layout-a89b3969 wp-block-buttons-is-layout-flex\">\n<div class=\"wp-block-button\"><a class=\"wp-block-button__link wp-element-button\" href=\"https:\/\/apartmani-manuela-smokovic-pula.hr\/index.php\/apartmani\/\">Pogledaj apartmane<\/a><\/div>\n<\/div>\n\n\n\n<div class=\"wp-block-buttons is-content-justification-center is-layout-flex wp-container-core-buttons-is-layout-a89b3969 wp-block-buttons-is-layout-flex\">\n<div class=\"wp-block-button\"><a class=\"wp-block-button__link has-text-align-center wp-element-button\" href=\"https:\/\/apartmani-manuela-smokovic-pula.hr\/index.php\/kontakt-rezervacije\/\">Kontakt i rezervacije<\/a><\/div>\n<\/div>\n\n\n\n<h2 class=\"wp-block-heading has-text-align-center\">Na\u0161i apartmani<\/h2>\n\n\n\n<p class=\"has-text-align-center\">U ponudi imamo nekoliko apartmana pogodnih za 1-3 osobe. Svaki apartman je potpuno opremljen za du\u017ei ili kra\u0107i boravak \u2013 idealno za obiteljski odmor, parove ili prijatelje koji \u017eele istra\u017eiti Pulu i Istru.<\/p>\n\n\n\n<p class=\"has-text-align-center\">\u2013 klimatizirani apartmani<br>\u2013 potpuno opremljena kuhinja<br>\u2013 WiFi internet<br>\u2013 TV<br>\u2013 besplatni parking<\/p>\n\n\n\n<h2 class=\"wp-block-heading has-text-align-center\">Lokacija<\/h2>\n\n\n\n<p class=\"has-text-align-center\">Apartmani Manuela nalaze se u mirnom dijelu Pule, otprilike 3 km od pla\u017ee i oko 3 km od starog grada. U blizini se nalaze trgovina, caffe bar, restorani, pizzerija,osnovne usluge, a do centra grada i pla\u017ee mo\u017eete brzo sti\u0107i automobilom, taksijem ili gradskim prijevozom.<\/p>\n\n\n\n<div class=\"wp-block-buttons is-content-justification-center is-layout-flex wp-container-core-buttons-is-layout-a89b3969 wp-block-buttons-is-layout-flex\">\n<div class=\"wp-block-button\"><a class=\"wp-block-button__link wp-element-button\" href=\"https:\/\/apartmani-manuela-smokovic-pula.hr\/index.php\/lokacija\/\">Lokacija<\/a><\/div>\n<\/div>\n\n\n\n<h2 class=\"wp-block-heading has-text-align-center\">Za\u0161to odabrati Apartmane Manuela<\/h2>\n\n\n\n<p class=\"has-text-align-center\">\u2013 mirno okru\u017eenje, bez gradske buke<br>\u2013 3 km do pla\u017ee i starog grada Pule<br>\u2013 besplatan parking uz objekt<br>\u2013 WiFi i klimatizacija<br>\u2013 apartmani pogodni za obitelji i parove<br>\u2013 dobra polazna to\u010dka za izlete po Istri (Brijuni, Kamenjak, Rovinj, Pore\u010d\u2026)<\/p>\n\n\n\n<h2 class=\"wp-block-heading has-text-align-center\">Kontakt i rezervacije<\/h2>\n\n\n\n<p class=\"has-text-align-center\">Za sve upite i rezervacije slobodno nam se javite:<\/p>\n\n\n\n<div class=\"wp-block-buttons is-content-justification-center is-layout-flex wp-container-core-buttons-is-layout-a89b3969 wp-block-buttons-is-layout-flex\">\n<div class=\"wp-block-button\"><a class=\"wp-block-button__link has-text-align-center wp-element-button\" href=\"https:\/\/apartmani-manuela-smokovic-pula.hr\/index.php\/kontakt-rezervacije\/\">Kontakt i rezervacije<\/a><\/div>\n<\/div>\n\n\n\n<div class=\"wp-block-group has-global-padding is-layout-constrained wp-block-group-is-layout-constrained\">\n<p class=\"has-text-align-center\">Po\u0161aljite nam \u017eeljene datume dolaska i odlaska, broj osoba i mi \u0107emo vam se javiti s ponudom u najkra\u0107em roku.<\/p>\n<\/div>\n\n\n\n<div class=\"wp-block-group alignfull has-global-padding is-layout-constrained wp-block-group-is-layout-constrained\" style=\"padding-top:var(--wp--preset--spacing--70);padding-bottom:var(--wp--preset--spacing--70)\"><\/div>\n","protected":false},"excerpt":{"rendered":"<p>Apartmani Manuela \u2013 Pula Miran apartmanski smje\u0161taj na kratkoj vo\u017enji do pla\u017ee i centra Pule Dobrodo\u0161li u Apartmane Manuela u Puli. Nalazimo se u mirnom kvartu, idealnom za obitelji i parove koji \u017eele odmoriti od gu\u017eve, a biti na kratkoj vo\u017enji od pla\u017ee i starog grada (oko 3 km). U na\u0161im apartmanima imate sve \u0161to [&hellip;]<\/p>\n","protected":false},"author":1,"featured_media":0,"parent":0,"menu_order":0,"comment_status":"closed","ping_status":"closed","template":"","meta":{"footnotes":""},"class_list":["post-32","page","type-page","status-publish","hentry"],"yoast_head":"<!-- This site is optimized with the Yoast SEO plugin v27.1.1 - https:\/\/yoast.com\/product\/yoast-seo-wordpress\/ -->\n<title>Apartmani Pula - Smje\u0161taj u blizini Arene | Manuela PulaPo\u010detna - Apartmani Manuela - Pula<\/title>\n<meta name=\"description\" content=\"Posjetite Pulu i odsjedi u na\u0161im apartmanima. Apartmani Pula Manuela su na odli\u010dnoj lokaciji za obilazak grada i u\u017eivanje na moru.\" \/>\n<meta name=\"robots\" content=\"index, follow, max-snippet:-1, max-image-preview:large, max-video-preview:-1\" \/>\n<link rel=\"canonical\" href=\"https:\/\/apartmani-manuela-smokovic-pula.hr\/\" \/>\n<meta property=\"og:locale\" content=\"en_US\" \/>\n<meta property=\"og:type\" content=\"article\" \/>\n<meta property=\"og:title\" content=\"Apartmani Pula - Smje\u0161taj u blizini Arene | Manuela PulaPo\u010detna - Apartmani Manuela - Pula\" \/>\n<meta property=\"og:description\" content=\"Posjetite Pulu i odsjedi u na\u0161im apartmanima. Apartmani Pula Manuela su na odli\u010dnoj lokaciji za obilazak grada i u\u017eivanje na moru.\" \/>\n<meta property=\"og:url\" content=\"https:\/\/apartmani-manuela-smokovic-pula.hr\/\" \/>\n<meta property=\"og:site_name\" content=\"Apartmani Manuela - Pula\" \/>\n<meta property=\"article:modified_time\" content=\"2026-01-26T20:28:42+00:00\" \/>\n<meta property=\"og:image\" content=\"https:\/\/apartmani-manuela-smokovic-pula.hr\/wp-content\/uploads\/2025\/12\/11-scaled.jpg\" \/>\n\t<meta property=\"og:image:width\" content=\"1920\" \/>\n\t<meta property=\"og:image:height\" content=\"2560\" \/>\n\t<meta property=\"og:image:type\" content=\"image\/jpeg\" \/>\n<meta name=\"twitter:card\" content=\"summary_large_image\" \/>\n<meta name=\"twitter:label1\" content=\"Est. reading time\" \/>\n\t<meta name=\"twitter:data1\" content=\"2 minutes\" \/>\n<script type=\"application\/ld+json\" class=\"yoast-schema-graph\">{\"@context\":\"https:\/\/schema.org\",\"@graph\":[{\"@type\":\"WebPage\",\"@id\":\"https:\/\/apartmani-manuela-smokovic-pula.hr\/\",\"url\":\"https:\/\/apartmani-manuela-smokovic-pula.hr\/\",\"name\":\"Apartmani Pula - Smje\u0161taj u blizini Arene | Manuela PulaPo\u010detna - Apartmani Manuela - Pula\",\"isPartOf\":{\"@id\":\"https:\/\/apartmani-manuela-smokovic-pula.hr\/#website\"},\"primaryImageOfPage\":{\"@id\":\"https:\/\/apartmani-manuela-smokovic-pula.hr\/#primaryimage\"},\"image\":{\"@id\":\"https:\/\/apartmani-manuela-smokovic-pula.hr\/#primaryimage\"},\"thumbnailUrl\":\"https:\/\/apartmani-manuela-smokovic-pula.hr\/wp-content\/uploads\/2025\/12\/11-768x1024.jpg\",\"datePublished\":\"2025-12-07T19:26:00+00:00\",\"dateModified\":\"2026-01-26T20:28:42+00:00\",\"description\":\"Posjetite Pulu i odsjedi u na\u0161im apartmanima. Apartmani Pula Manuela su na odli\u010dnoj lokaciji za obilazak grada i u\u017eivanje na moru.\",\"breadcrumb\":{\"@id\":\"https:\/\/apartmani-manuela-smokovic-pula.hr\/#breadcrumb\"},\"inLanguage\":\"en-US\",\"potentialAction\":[{\"@type\":\"ReadAction\",\"target\":[\"https:\/\/apartmani-manuela-smokovic-pula.hr\/\"]}]},{\"@type\":\"ImageObject\",\"inLanguage\":\"en-US\",\"@id\":\"https:\/\/apartmani-manuela-smokovic-pula.hr\/#primaryimage\",\"url\":\"https:\/\/apartmani-manuela-smokovic-pula.hr\/wp-content\/uploads\/2025\/12\/11-scaled.jpg\",\"contentUrl\":\"https:\/\/apartmani-manuela-smokovic-pula.hr\/wp-content\/uploads\/2025\/12\/11-scaled.jpg\",\"width\":1920,\"height\":2560,\"caption\":\"House with Manuela Apartments Pula, private accommodation in Pula\"},{\"@type\":\"BreadcrumbList\",\"@id\":\"https:\/\/apartmani-manuela-smokovic-pula.hr\/#breadcrumb\",\"itemListElement\":[{\"@type\":\"ListItem\",\"position\":1,\"name\":\"Home\",\"item\":\"https:\/\/apartmani-manuela-smokovic-pula.hr\/\"},{\"@type\":\"ListItem\",\"position\":2,\"name\":\"Po\u010detna\"}]},{\"@type\":\"WebSite\",\"@id\":\"https:\/\/apartmani-manuela-smokovic-pula.hr\/#website\",\"url\":\"https:\/\/apartmani-manuela-smokovic-pula.hr\/\",\"name\":\"Apartmani Manuela - Pula\",\"description\":\"\",\"publisher\":{\"@id\":\"https:\/\/apartmani-manuela-smokovic-pula.hr\/#organization\"},\"potentialAction\":[{\"@type\":\"SearchAction\",\"target\":{\"@type\":\"EntryPoint\",\"urlTemplate\":\"https:\/\/apartmani-manuela-smokovic-pula.hr\/?s={search_term_string}\"},\"query-input\":{\"@type\":\"PropertyValueSpecification\",\"valueRequired\":true,\"valueName\":\"search_term_string\"}}],\"inLanguage\":\"en-US\"},{\"@type\":\"Organization\",\"@id\":\"https:\/\/apartmani-manuela-smokovic-pula.hr\/#organization\",\"name\":\"Apartmani Manuela - Pula\",\"url\":\"https:\/\/apartmani-manuela-smokovic-pula.hr\/\",\"logo\":{\"@type\":\"ImageObject\",\"inLanguage\":\"en-US\",\"@id\":\"https:\/\/apartmani-manuela-smokovic-pula.hr\/#\/schema\/logo\/image\/\",\"url\":\"https:\/\/apartmani-manuela-smokovic-pula.hr\/wp-content\/uploads\/2025\/12\/f2c7d247-62c6-40f7-a541-92e7af8d61c4.png\",\"contentUrl\":\"https:\/\/apartmani-manuela-smokovic-pula.hr\/wp-content\/uploads\/2025\/12\/f2c7d247-62c6-40f7-a541-92e7af8d61c4.png\",\"width\":1024,\"height\":1024,\"caption\":\"Apartmani Manuela - Pula\"},\"image\":{\"@id\":\"https:\/\/apartmani-manuela-smokovic-pula.hr\/#\/schema\/logo\/image\/\"}}]}<\/script>\n<!-- \/ Yoast SEO plugin. -->","yoast_head_json":{"title":"Apartmani Pula - Smje\u0161taj u blizini Arene | Manuela PulaPo\u010detna - Apartmani Manuela - Pula","description":"Posjetite Pulu i odsjedi u na\u0161im apartmanima. Apartmani Pula Manuela su na odli\u010dnoj lokaciji za obilazak grada i u\u017eivanje na moru.","robots":{"index":"index","follow":"follow","max-snippet":"max-snippet:-1","max-image-preview":"max-image-preview:large","max-video-preview":"max-video-preview:-1"},"canonical":"https:\/\/apartmani-manuela-smokovic-pula.hr\/","og_locale":"en_US","og_type":"article","og_title":"Apartmani Pula - Smje\u0161taj u blizini Arene | Manuela PulaPo\u010detna - Apartmani Manuela - Pula","og_description":"Posjetite Pulu i odsjedi u na\u0161im apartmanima. Apartmani Pula Manuela su na odli\u010dnoj lokaciji za obilazak grada i u\u017eivanje na moru.","og_url":"https:\/\/apartmani-manuela-smokovic-pula.hr\/","og_site_name":"Apartmani Manuela - Pula","article_modified_time":"2026-01-26T20:28:42+00:00","og_image":[{"width":1920,"height":2560,"url":"https:\/\/apartmani-manuela-smokovic-pula.hr\/wp-content\/uploads\/2025\/12\/11-scaled.jpg","type":"image\/jpeg"}],"twitter_card":"summary_large_image","twitter_misc":{"Est. reading time":"2 minutes"},"schema":{"@context":"https:\/\/schema.org","@graph":[{"@type":"WebPage","@id":"https:\/\/apartmani-manuela-smokovic-pula.hr\/","url":"https:\/\/apartmani-manuela-smokovic-pula.hr\/","name":"Apartmani Pula - Smje\u0161taj u blizini Arene | Manuela PulaPo\u010detna - Apartmani Manuela - Pula","isPartOf":{"@id":"https:\/\/apartmani-manuela-smokovic-pula.hr\/#website"},"primaryImageOfPage":{"@id":"https:\/\/apartmani-manuela-smokovic-pula.hr\/#primaryimage"},"image":{"@id":"https:\/\/apartmani-manuela-smokovic-pula.hr\/#primaryimage"},"thumbnailUrl":"https:\/\/apartmani-manuela-smokovic-pula.hr\/wp-content\/uploads\/2025\/12\/11-768x1024.jpg","datePublished":"2025-12-07T19:26:00+00:00","dateModified":"2026-01-26T20:28:42+00:00","description":"Posjetite Pulu i odsjedi u na\u0161im apartmanima. Apartmani Pula Manuela su na odli\u010dnoj lokaciji za obilazak grada i u\u017eivanje na moru.","breadcrumb":{"@id":"https:\/\/apartmani-manuela-smokovic-pula.hr\/#breadcrumb"},"inLanguage":"en-US","potentialAction":[{"@type":"ReadAction","target":["https:\/\/apartmani-manuela-smokovic-pula.hr\/"]}]},{"@type":"ImageObject","inLanguage":"en-US","@id":"https:\/\/apartmani-manuela-smokovic-pula.hr\/#primaryimage","url":"https:\/\/apartmani-manuela-smokovic-pula.hr\/wp-content\/uploads\/2025\/12\/11-scaled.jpg","contentUrl":"https:\/\/apartmani-manuela-smokovic-pula.hr\/wp-content\/uploads\/2025\/12\/11-scaled.jpg","width":1920,"height":2560,"caption":"House with Manuela Apartments Pula, private accommodation in Pula"},{"@type":"BreadcrumbList","@id":"https:\/\/apartmani-manuela-smokovic-pula.hr\/#breadcrumb","itemListElement":[{"@type":"ListItem","position":1,"name":"Home","item":"https:\/\/apartmani-manuela-smokovic-pula.hr\/"},{"@type":"ListItem","position":2,"name":"Po\u010detna"}]},{"@type":"WebSite","@id":"https:\/\/apartmani-manuela-smokovic-pula.hr\/#website","url":"https:\/\/apartmani-manuela-smokovic-pula.hr\/","name":"Apartmani Manuela - Pula","description":"","publisher":{"@id":"https:\/\/apartmani-manuela-smokovic-pula.hr\/#organization"},"potentialAction":[{"@type":"SearchAction","target":{"@type":"EntryPoint","urlTemplate":"https:\/\/apartmani-manuela-smokovic-pula.hr\/?s={search_term_string}"},"query-input":{"@type":"PropertyValueSpecification","valueRequired":true,"valueName":"search_term_string"}}],"inLanguage":"en-US"},{"@type":"Organization","@id":"https:\/\/apartmani-manuela-smokovic-pula.hr\/#organization","name":"Apartmani Manuela - Pula","url":"https:\/\/apartmani-manuela-smokovic-pula.hr\/","logo":{"@type":"ImageObject","inLanguage":"en-US","@id":"https:\/\/apartmani-manuela-smokovic-pula.hr\/#\/schema\/logo\/image\/","url":"https:\/\/apartmani-manuela-smokovic-pula.hr\/wp-content\/uploads\/2025\/12\/f2c7d247-62c6-40f7-a541-92e7af8d61c4.png","contentUrl":"https:\/\/apartmani-manuela-smokovic-pula.hr\/wp-content\/uploads\/2025\/12\/f2c7d247-62c6-40f7-a541-92e7af8d61c4.png","width":1024,"height":1024,"caption":"Apartmani Manuela - Pula"},"image":{"@id":"https:\/\/apartmani-manuela-smokovic-pula.hr\/#\/schema\/logo\/image\/"}}]}},"jetpack_sharing_enabled":true,"_links":{"self":[{"href":"https:\/\/apartmani-manuela-smokovic-pula.hr\/index.php\/wp-json\/wp\/v2\/pages\/32","targetHints":{"allow":["GET"]}}],"collection":[{"href":"https:\/\/apartmani-manuela-smokovic-pula.hr\/index.php\/wp-json\/wp\/v2\/pages"}],"about":[{"href":"https:\/\/apartmani-manuela-smokovic-pula.hr\/index.php\/wp-json\/wp\/v2\/types\/page"}],"author":[{"embeddable":true,"href":"https:\/\/apartmani-manuela-smokovic-pula.hr\/index.php\/wp-json\/wp\/v2\/users\/1"}],"replies":[{"embeddable":true,"href":"https:\/\/apartmani-manuela-smokovic-pula.hr\/index.php\/wp-json\/wp\/v2\/comments?post=32"}],"version-history":[{"count":13,"href":"https:\/\/apartmani-manuela-smokovic-pula.hr\/index.php\/wp-json\/wp\/v2\/pages\/32\/revisions"}],"predecessor-version":[{"id":189,"href":"https:\/\/apartmani-manuela-smokovic-pula.hr\/index.php\/wp-json\/wp\/v2\/pages\/32\/revisions\/189"}],"wp:attachment":[{"href":"https:\/\/apartmani-manuela-smokovic-pula.hr\/index.php\/wp-json\/wp\/v2\/media?parent=32"}],"curies":[{"name":"wp","href":"https:\/\/api.w.org\/{rel}","templated":true}]}}